or of n and 89.
89
Suppose -3*j + 680 = 4*p, 5*j - 1298 + 130 = 2*p. Let i = -200 + j. What is the greatest common divisor of 40 and i?
8
Let w(r) = 3*r**2 + 18*r + 4. Let v be w(-7). Suppose 7*q = 8*q - v. Calculate the greatest common factor of 400 and q.
25
Let h be -1 - -10*(3 + 4). Suppose h*l - 54*l = 90. Let f(b) = -7*b + 7. Let w be f(-5). What is the greatest common factor of w and l?
6
Let c = 159 + -152. Suppose 0 = -c*o + 34 + 8. What is the highest common factor of o and 42?
6
Let z be (-903)/129*(3 - 0)*(-18)/14. What is the greatest common divisor of 6156 and z?
27
Suppose 2*w - 3739 - 1968 = -5*q, -3*q - 3*w + 3435 = 0. Calculate the greatest common divisor of 289 and q.
17
Let a = 13454 - 13355. Calculate the greatest common divisor of 72 and a.
9
Suppose 11*u = 8*u - 192. Let n = 14 + u. Let x = 105 + n. Calculate the greatest common divisor of 5 and x.
5
Suppose 43 = 4*a - q, -a - 22 = -5*q + 10. Let m = -180 + 609. What is the greatest common factor of m and a?
13
Let c = 148 + -46. Let h(p) = 40*p**2 - 9*p + 3. Let t be h(-4). Let d be t/10 + 5/50. Calculate the highest common factor of d and c.
34
Suppose c = 6*c + 5*m, 2 = 4*c + 3*m. Suppose -k + a + 2 = 0, 17*k = 15*k - 4*a - 2. Calculate the greatest common divisor of k and c.
1
Let h = 53760 - 24352. What is the greatest common factor of 32 and h?
32
Let r = -1671 - -1901. Calculate the highest common divisor of 506 and r.
46
Let i be (-10)/60*1 + (-17)/6. Let h = 5 + i. What is the highest common factor of h and 5?
1
Let v(t) = 8*t**2 - 19*t - 6. Let g be v(5). Suppose 2*a = -5*i + 191, 315 + 140 = 5*a + 5*i. What is the highest common divisor of a and g?
11
Suppose 0 = -3*x + 127 - 1312. Suppose 4*q = 12*q + 1280. Let y = q - x. What is the highest common factor of 47 and y?
47
Suppose 1140 = -38*a + 14972. Calculate the highest common divisor of 28 and a.
28
Let f(g) = -43*g - 204. Let r be f(-7). Suppose r + 123 = 4*m. What is the greatest common divisor of 40 and m?
5
Let x = 139 + 19. Let l = 32 + x. Suppose -g - 3*w + 0*w = -38, 5*w = -4*g + 152. What is the highest common factor of l and g?
38
Let k(l) = l**2 + 10*l - 11. Suppose -2*a - 4*a = 84. Let g be k(a). Let f = -71 - -89. Calculate the highest common divisor of g and f.
9
Suppose 194*u - 2609 + 26141 = 206*u. Calculate the highest common divisor of 185 and u.
37
Let i(o) = 93*o - 39 - 42 - 195*o + 89*o. Let k be i(-7). Calculate the highest common factor of 10 and k.
10
Let l(r) = -22*r - 4. Let z be l(-10). Suppose -849*i + 2*t - 1444 = -854*i, -2*t = 2*i - 580. Calculate the greatest common factor of z and i.
72
Let d be (-5 + -1)*(-100)/24. Let n be (2/6)/(406/(-210) + 2). What is the highest common factor of d and n?
5
Let y = 242 + 21. Let v = y + -197. Calculate the greatest common divisor of 33 and v.
33
Suppose 3*h = -9*r + 4*r - 53, -3*r + 4*h = 26. Let f = r - -12. Suppose -3*l + 3 = -3*x, -f*l - 5*x + 13 = 2*l. What is the highest common divisor of 8 and l?
2
Let p be 33/6 - -2*(-1)/4. Suppose 2*v - 2*s = 4*v - 88, -5*v + 220 = -p*s. What is the highest common factor of v and 55?
11
Let j(g) = -4*g + 527. Let o be j(48). Let r = 379 - o. Suppose -603 + 158 = -5*a - m, 4*m + 156 = 2*a. Calculate the greatest common factor of r and a.
44
Let j(g) = -14*g - 27 + 137*g**2 - 8*g - 139*g**2. Let w be j(-8). Let f = -29 - -43. Calculate the highest common divisor of f and w.
7
Suppose 9*f - 1767 + 5583 = 62*f. Calculate the greatest common factor of 344 and f.
8
Let x(p) = 5*p**3 + 372*p**2 + 142*p - 204. Let a be x(-74). What is the greatest common factor of 60 and a?
60
Suppose 5*g - 10 = 0, -4*k + 3*g = -131 - 7. Let l be ((-44)/k - -1) + (-29)/(-9). Let i be l + 0 + -1 - -54. What is the greatest common divisor of i and 7?
7
Suppose a - 18 = 8. Suppose 9*m + 12 = 5*j + 13*m, -5*j + 16 = 2*m. Suppose 3*v = -j*o + 47, -3*o = -8*o + 10. What is the highest common divisor of v and a?
13
Let l = -38138 + 38263. Calculate the greatest common divisor of 775 and l.
25
Suppose 3*l = 13*q - 15*q + 3826, 0 = 2*l - q - 2532. What is the greatest common factor of 8128 and l?
254
Let i(k) = k**2 + 13*k + 29. Let q be i(-8). Let l(v) = -v**3 - 9*v**2 + 16*v - 10. Let r be l(q). Calculate the highest common factor of 7 and r.
7
Let h be ((4 + 1)*-4)/(26/(-1820)*4). What is the greatest common divisor of h and 1300?
50
Let g be ((-158)/79)/(2/(-620)). Let n = g + -582. Let v be -8*(0/2 - 19). Calculate the highest common factor of n and v.
38
Let z = -1229 + 1724. Suppose 3*u = 4*p + 474, 3*u + 0*p - z = -3*p. Let g = u + -102. Calculate the greatest common divisor of g and 15.
15
Let y(o) = o**2 + 7*o + 9. Let i be y(-6). Suppose 4*v = -i*w + 14 - 3, 5*v + 3*w = 16. Let n = 740 - 735. Calculate the highest common factor of v and n.
5
Suppose 65*h - 4*b - 3167 = 60*h, b - 1246 = -2*h. What is the highest common divisor of 3021 and h?
57
Suppose -4*v - 12 + 1 = -3*o, -o + 9 = 4*v. Suppose -23 - 157 = -5*t + 5*q, o*t = -4*q + 207. Calculate the highest common factor of 143 and t.
13
Suppose 0 = -106*o - 114*o + 219*o + 12. Suppose 2*j + 2*j - 84 = 0. Calculate the highest common factor of o and j.
3
Suppose 0 = 3*d - 86 - 154. Calculate the greatest common factor of d and 30.
10
Suppose -5*j = -680 - 1035. What is the highest common divisor of 63 and j?
7
Let n = 192 - 182. Suppose 72 = n*a - 9*a. What is the highest common divisor of a and 180?
36
Suppose -6*a + 10376 = -10*a. Let i = -1722 - a. Calculate the highest common factor of 109 and i.
109
Let k(j) = 19*j - 4. Let z be k(16). Let t = z + -186. Suppose -5*w - w = -t. Calculate the highest common factor of 38 and w.
19
Suppose 15*s - 18*s - 12 = 0. Let j be (18 - s) + (-12 - -6). What is the highest common divisor of 2 and j?
2
Suppose -3*n = -1152 - 201. Suppose -2*m = 4*x - 432, 0 = 3*m + 2*x - 185 - n. Calculate the greatest common divisor of 60 and m.
30
Let n be (-2)/6*12/(-1). Let z = -548 + 611. Suppose -n*j = -3*c + z - 164, -5*j + c = -118. Calculate the highest common divisor of 207 and j.
23
Let y = -5749 + 6148. What is the greatest common factor of 28 and y?
7
Suppose 130 = -4*q + 2*g, q + 41 = 2*g + 1. Let r = q - -278. Calculate the greatest common factor of 8 and r.
8
Suppose l = 5*l - 1092. Suppose 0 = -117*c - 160*c - 1385 + 8587. Calculate the greatest common factor of l and c.
13
Let j be (-828)/10*(-5)/3. Let l = -73 + j. What is the greatest common factor of 26 and l?
13
Suppose -11 = 2*i - 65. Let g(m) = 19*m - 43*m**3 + 44*m**3 + 30*m**2 - 49*m**2. Let p be g(18). Calculate the highest common factor of i and p.
9
Suppose 0 = 5*q + 4*i - 91, 3*i = 4*q - 2*i - 40. Suppose 8*f + 406 = q*f. Calculate the greatest common divisor of 29 and f.
29
Let p be 614 - 238/51*(-3)/2. What is the highest common divisor of 108 and p?
27
Suppose -5*a + 1045 = -4*l - 1278, -5*l - 1386 = -3*a. Let o = a + -379. What is the highest common factor of 154 and o?
22
Let m(z) = 4*z**3 - 8*z**2 - 33*z + 4. Let p be m(5). Calculate the greatest common factor of 16 and p.
1
Suppose -20*b = -267668 + 267508. Suppose -2*l - 1 = -3*l. Let u(w) = 128*w. Let d be u(l). Calculate the highest common divisor of d and b.
8
Let d be (-6)/(-10)*(1250 - (-45 + 25)). What is the greatest common divisor of d and 6?
6
Suppose -64*i + 69*i = -p + 282, 5*p = -4*i + 1284. Calculate the greatest common factor of p and 2604.
84
Let w(j) = -2*j**3 - 11*j**2 - 5*j + 3. Let y be w(-5). Suppose y*h + 33 = -132. Let s = 62 + h. What is the highest common divisor of s and 1?
1
Let k = -1177 + 1202. Let l(s) = -6*s**2 - s + 75. Let j be l(0). Calculate the highest common divisor of k and j.
25
Suppose 254 + 46 = 4*c. Suppose 10*w - 15*w = -c. Calculate the greatest common factor of w and 375.
15
Suppose 0 = -220*f + 397896 + 1969304. What is the greatest common factor of f and 40?
40
Let y(o) = o**3 + 66*o**2 - 67*o + 11. Let q be y(-67). What is the highest common factor of q and 869?
11
Let q = 5713 + -5353. What is the highest common divisor of q and 760?
40
Let d = 10182 - 7802. Calculate the highest common factor of 4060 and d.
140
Let k be 8 - (-6 - ((-33)/(-77))/((-2)/(-42))). What is the greatest common factor of 6233 and k?
23
Suppose 11*v + 33 = 5*s + 12*v, -2*s + 3*v + 3